t is the tens digit of 55788?
8
What is the units digit of 259?
9
What is the units digit of 290?
0
What is the hundreds digit of 1490?
4
What is the thousands digit of 61551?
1
What is the tens digit of 3062?
6
What is the units digit of 6787?
7
What is the units digit of 237?
7
What is the thousands digit of 54236?
4
What is the thousands digit of 118313?
8
What is the units digit of 7360?
0
What is the thousands digit of 1372?
1
What is the hundreds digit of 1045?
0
What is the units digit of 2690?
0
What is the units digit of 2098?
8
What is the thousands digit of 61739?
1
What is the tens digit of 6462?
6
What is the units digit of 1251?
1
What is the units digit of 264?
4
What is the tens digit of 399?
9
What is the thousands digit of 9025?
9
What is the hundreds digit of 31189?
1
What is the hundreds digit of 62364?
3
What is the hundreds digit of 803?
8
What is the thousands digit of 7304?
7
What is the tens digit of 6245?
4
What is the ten thousands digit of 11354?
1
What is the hundreds digit of 24609?
6
What is the hundreds digit of 3743?
7
What is the tens digit of 3100?
0
What is the tens digit of 3844?
4
What is the hundreds digit of 2844?
8
What is the hundreds digit of 4953?
9
What is the hundreds digit of 5294?
2
What is the thousands digit of 31430?
1
What is the hundreds digit of 10902?
9
What is the thousands digit of 30808?
0
What is the hundreds digit of 123?
1
What is the tens digit of 292?
9
What is the hundreds digit of 6580?
5
What is the hundreds digit of 160?
1
What is the tens digit of 16622?
2
What is the hundreds digit of 374?
3
What is the thousands digit of 1538?
1
What is the tens digit of 2145?
4
What is the tens digit of 8363?
6
What is the tens digit of 118851?
5
What is the units digit of 3799?
9
What is the hundreds digit of 116488?
4
What is the tens digit of 31318?
1
What is the tens digit of 442?
4
What is the tens digit of 3061?
6
What is the tens digit of 46623?
2
What is the tens digit of 229?
2
What is the hundreds digit of 28713?
7
What is the hundreds digit of 1391?
3
What is the hundreds digit of 8807?
8
What is the thousands digit of 10562?
0
What is the units digit of 547?
7
What is the units digit of 965?
5
What is the units digit of 6040?
0
What is the units digit of 24558?
8
What is the hundreds digit of 1997?
9
What is the hundreds digit of 265?
2
What is the ten thousands digit of 99637?
9
What is the units digit of 2821?
1
What is the units digit of 7312?
2
What is the hundreds digit of 3797?
7
What is the units digit of 988?
8
What is the tens digit of 7839?
3
What is the units digit of 41248?
8
What is the thousands digit of 4763?
4
What is the units digit of 3181?
1
What is the units digit of 34115?
5
What is the hundreds digit of 8807?
8
What is the units digit of 1845?
5
What is the hundreds digit of 7162?
1
What is the hundreds digit of 311?
3
What is the units digit of 477?
7
What is the tens digit of 777?
7
What is the tens digit of 1454?
5
What is the ten thousands digit of 39012?
3
What is the hundreds digit of 70174?
1
What is the units digit of 22304?
4
What is the units digit of 58433?
3
What is the hundreds digit of 381?
3
What is the thousands digit of 25053?
5
What is the tens digit of 910?
1
What is the hundreds digit of 9573?
5
What is the hundreds digit of 1106?
1
What is the units digit of 737?
7
What is the hundreds digit of 4902?
9
What is the tens digit of 3000?
0
What is the hundreds digit of 890?
8
What is the units digit of 15296?
6
What is the units digit of 667?
7
What is the hundreds digit of 22027?
0
What is the thousands digit of 1086?
1
What is the ten thousands digit of 105641?
0
What is the hundreds digit of 4926?
9
What is the units digit of 467?
7
What is the tens digit of 996?
9
What is the tens digit of 1294?
9
What is the hundreds digit of 39804?
8
What is the hundreds digit of 315?
3
What is the hundreds digit of 6724?
7
What is the tens digit of 6388?
8
What is the hundreds digit of 107?
1
What is the units digit of 87446?
6
What is the tens digit of 27462?
6
What is the hundreds digit of 732?
7
What is the hundreds digit of 444?
4
What is the tens digit of 10463?
6
What is the thousands digit of 17587?
7
What is the hundreds digit of 68606?
6
What is the units digit of 71872?
2
What is the units digit of 792?
2
What is the units digit of 4385?
5
What is the units digit of 56902?
2
What is the units digit of 6992?
2
What is the thousands digit of 1781?
1
What is the units digit of 138338?
8
What is the hundreds digit of 73772?
7
What is the units digit of 4327?
7
What is the ten thousands digit of 24369?
2
What is the hundreds digit of 27082?
0
What is the hundreds digit of 998?
9
What is the hundreds digit of 79816?
8
What is the ten thousands digit of 47950?
4
What is the units digit of 2980?
0
What is the units digit of 39?
9
What is the tens digit of 426?
2
What is the thousands digit of 10831?
0
What is the thousands digit of 5219?
5
What is the units digit of 24255?
5
What is the thousands digit of 6753?
6
What is the thousands digit of 95437?
5
What is the tens digit of 13575?
7
What is the tens digit of 641?
4
What is the thousands digit of 1222?
1
What is the tens digit of 5138?
3
What is the ten thousands digit of 14428?
1
What is the hundreds digit of 478?
4
What is the units digit of 484?
4
What is the tens digit of 2032?
3
What is the tens digit of 4113?
1
What is the units digit of 7150?
0
What is the units digit of 385?
5
What is the tens digit of 4015?
1
What is the tens digit of 1727?
2
What is the tens digit of 19045?
4
What is the thousands digit of 1100?
1
What is the thousands digit of 9647?
9
What is the tens digit of 2187?
8
What is the hundred thousands digit of 118169?
1
What is the tens digit of 162?
6
What is the units digit of 25468?
8
What is the units digit of 8200?
0
What is the units digit of 8026?
6
What is the ten thousands digit of 24094?
2
What is the tens digit of 6604?
0
What is the hundreds digit of 2247?
2
What is the tens digit of 50688?
8
What is the units digit of 10143?
3
What is the hundreds digit of 716?
7
What is the ten thousands digit of 45776?
4
What is the tens digit of 1150?
5
What is the units digit of 2110?
0
What is the thousands digit of 32737?
2
What is the units digit of 379?
9
What is the thousands digit of 6216?
6
What is the hundreds digit of 515?
5
What is the tens digit of 1081?
8
What is the hundreds digit of 7986?
9
What is the units digit of 2774?
4
What is the units digit of 2958?
8
What is the tens digit of 1615?
1
What is the thousands digit of 3608?
3
What is the ten thousands digit of 157964?
5
What is the units digit of 7736?
6
What is the thousands digit of 123378?
3
What is the thousands digit of 2580?
2
What is the tens digit of 6806?
0
What is the thousands digit of 5801?
5
What is the units digit of 868?
8
What is the units digit of 22279?
9
What is the tens digit of 990?
9
What is the tens digit of 7606?
0
What is the tens digit of 1766?
6
What is the units digit of 3495?
5
What is the tens digit of 7746?
4
What is the thousands digit of 8818?
8
What is the thousands digit of 4882?
4
What is the ten thousands digit of 83750?
8
What is the tens digit of 12311?
1
What is the hundreds digit of 2523?
5
What is the hundred thousands digit of 134678?
1
What is the hundreds digit of 8769?
7
What is the ten thousands digit of 27230?
2
What is the tens digit of 43997?
9
What is the hundreds digit of 5302?
3
What is the thousands digit of 10982?
0
What is the thousands digit of 3108?
3
What is the thousands digit of 7688?
7
What is the ten thousands digit of 49025?
4
What is the units digit of 850?
0
What is the tens digit of 377?
7
What is the units digit of 15496?
6
What is the ten thousands digit of 56700?
5
What is the units digit of 26898?
8
What is the units digit of 1381?
1
What is the thousands digit of 11398?
1
What is the tens digit of 1055?
5
What is the hundreds digit of 13393?
3
What is the hundreds digit of 98528?
5
What is the tens digit of 19793?
9
What is the tens digit of 1021?
2
What is the tens digit of 967?
6
What is the thousands digit of 11283?
1
What is the hundreds digit of 2662?
6
What is the units digit of 18516?
6
What is the tens digit of 17467?
6